actors of 8725.
5, 349
What are the prime factors of 9651?
3, 3217
List the prime factors of 23227.
23227
What are the prime factors of 35985?
3, 5, 2399
What are the prime factors of 696?
2, 3, 29
List the prime factors of 7007.
7, 11, 13
List the prime factors of 622.
2, 311
What are the prime factors of 11?
11
List the prime factors of 2684.
2, 11, 61
List the prime factors of 1880.
2, 5, 47
List the prime factors of 25749.
3, 2861
List the prime factors of 8898.
2, 3, 1483
List the prime factors of 2693.
2693
List the prime factors of 1013.
1013
List the prime factors of 10436.
2, 2609
List the prime factors of 2284.
2, 571
What are the prime factors of 70089?
3, 61, 383
List the prime factors of 149.
149
What are the prime factors of 78318?
2, 3, 19, 229
List the prime factors of 2748.
2, 3, 229
What are the prime factors of 2772?
2, 3, 7, 11
List the prime factors of 16811.
16811
What are the prime factors of 27691?
27691
List the prime factors of 1896.
2, 3, 79
List the prime factors of 481.
13, 37
List the prime factors of 1626.
2, 3, 271
What are the prime factors of 105813?
3, 3919
List the prime factors of 44506.
2, 7, 11, 17
List the prime factors of 61575.
3, 5, 821
What are the prime factors of 3339?
3, 7, 53
What are the prime factors of 3298?
2, 17, 97
List the prime factors of 21072.
2, 3, 439
List the prime factors of 2889.
3, 107
List the prime factors of 1858.
2, 929
What are the prime factors of 4639?
4639
List the prime factors of 4776.
2, 3, 199
What are the prime factors of 6180?
2, 3, 5, 103
List the prime factors of 56555.
5, 11311
What are the prime factors of 1361?
1361
List the prime factors of 2148.
2, 3, 179
What are the prime factors of 54923?
11, 4993
What are the prime factors of 1306?
2, 653
What are the prime factors of 979?
11, 89
What are the prime factors of 5488?
2, 7
List the prime factors of 11137.
7, 37, 43
List the prime factors of 561.
3, 11, 17
List the prime factors of 48724.
2, 13, 937
What are the prime factors of 3162?
2, 3, 17, 31
What are the prime factors of 29172?
2, 3, 11, 13, 17
What are the prime factors of 16100?
2, 5, 7, 23
List the prime factors of 5118.
2, 3, 853
What are the prime factors of 13661?
19, 719
What are the prime factors of 22756?
2, 5689
What are the prime factors of 10068?
2, 3, 839
List the prime factors of 15506.
2, 7753
What are the prime factors of 529?
23
List the prime factors of 1240.
2, 5, 31
List the prime factors of 85031.
23, 3697
What are the prime factors of 15837?
3, 5279
List the prime factors of 1247.
29, 43
What are the prime factors of 1525?
5, 61
What are the prime factors of 21883?
79, 277
What are the prime factors of 2219?
7, 317
What are the prime factors of 102815?
5, 20563
List the prime factors of 40327.
7, 823
What are the prime factors of 411?
3, 137
List the prime factors of 1443.
3, 13, 37
What are the prime factors of 851?
23, 37
What are the prime factors of 88313?
47, 1879
What are the prime factors of 1515?
3, 5, 101
What are the prime factors of 2809?
53
What are the prime factors of 1198?
2, 599
List the prime factors of 4871.
4871
What are the prime factors of 57094?
2, 28547
List the prime factors of 4286.
2, 2143
List the prime factors of 946.
2, 11, 43
List the prime factors of 7563.
3, 2521
What are the prime factors of 10116?
2, 3, 281
What are the prime factors of 1566?
2, 3, 29
What are the prime factors of 1721?
1721
List the prime factors of 20270.
2, 5, 2027
List the prime factors of 60780.
2, 3, 5, 1013
What are the prime factors of 2248?
2, 281
List the prime factors of 4337.
4337
What are the prime factors of 3051?
3, 113
List the prime factors of 65486.
2, 137, 239
What are the prime factors of 1897?
7, 271
List the prime factors of 882.
2, 3, 7
List the prime factors of 71678.
2, 35839
List the prime factors of 3098.
2, 1549
What are the prime factors of 27543?
3, 9181
List the prime factors of 6158.
2, 3079
List the prime factors of 24860.
2, 5, 11, 113
List the prime factors of 522.
2, 3, 29
What are the prime factors of 1713?
3, 571
What are the prime factors of 324?
2, 3
What are the prime factors of 37743?
3, 23, 547
What are the prime factors of 4513?
4513
What are the prime factors of 7666?
2, 3833
What are the prime factors of 8914?
2, 4457
What are the prime factors of 692?
2, 173
What are the prime factors of 4562?
2, 2281
List the prime factors of 447.
3, 149
What are the prime factors of 51697?
17, 3041
List the prime factors of 1500.
2, 3, 5
What are the prime factors of 5483?
5483
What are the prime factors of 369?
3, 41
List the prime factors of 1841.
7, 263
List the prime factors of 2202.
2, 3, 367
What are the prime factors of 29442?
2, 3, 7, 701
What are the prime factors of 11832?
2, 3, 17, 29
What are the prime factors of 2234?
2, 1117
List the prime factors of 2496.
2, 3, 13
List the prime factors of 6488.
2, 811
What are the prime factors of 34078?
2, 11, 1549
What are the prime factors of 27858?
2, 3, 4643
List the prime factors of 36674.
2, 11, 1667
What are the prime factors of 840?
2, 3, 5, 7
What are the prime factors of 11957?
11, 1087
List the prime factors of 137582.
2, 68791
What are the prime factors of 13964?
2, 3491
List the prime factors of 6956.
2, 37, 47
What are the prime factors of 793?
13, 61
What are the prime factors of 1671?
3, 557
What are the prime factors of 1475?
5, 59
List the prime factors of 67321.
23, 2927
List the prime factors of 687.
3, 229
List the prime factors of 17459.
13, 17, 79
What are the prime factors of 1896?
2, 3, 79
List the prime factors of 6037.
6037
What are the prime factors of 13082?
2, 31, 211
List the prime factors of 974.
2, 487
List the prime factors of 6230.
2, 5, 7, 89
What are the prime factors of 14159?
14159
What are the prime factors of 2158?
2, 13, 83
List the prime factors of 6851.
13, 17, 31
List the prime factors of 40009.
40009
List the prime factors of 918.
2, 3, 17
What are the prime factors of 10089?
3, 19, 59
List the prime factors of 97.
97
List the prime factors of 60063.
3, 20021
What are the prime factors of 26628?
2, 3, 7, 317
What are the prime factors of 805?
5, 7, 23
What are the prime factors of 979?
11, 89
List the prime factors of 1887.
3, 17, 37
What are the prime factors of 1317?
3, 439
What are the prime factors of 32545?
5, 23, 283
List the prime factors of 11898.
2, 3, 661
What are the prime factors of 79785?
3, 5, 197
What are the prime factors of 6132?
2, 3, 7, 73
What are the prime factors of 14886?
2, 3, 827
List the prime factors of 7136.
2, 223
List the prime factors of 14119.
7, 2017
List the prime factors of 1867.
1867
List the prime factors of 17234.
2, 7, 1231
List the prime factors of 4007.
4007
List the prime factors of 49588.
2, 7, 11, 23
List the prime factors of 1968.
2, 3, 41
List the prime factors of 2225.
5, 89
What are the prime factors of 32927?
19, 1733
What are the prime factors of 1490?
2, 5, 149
What are the prime factors of 11281?
29, 389
What are the prime factors of 20946?
2, 3, 3491
What are the prime factors of 8797?
19, 463
List the prime factors of 1891.
31, 61
What are the prime factors of 4476?
2, 3, 373
What are the prime factors of 6407?
43, 149
What are the prime factors of 858?
2, 3, 11, 13
What are the prime factors of 24605?
5, 7, 19, 37
What are the prime factors of 8749?
13, 673
List the prime factors of 1725.
3, 5, 23
List the prime factors of 5200.
2, 5, 13
List the prime factors of 946.
2, 11, 43
List the prime factors of 28341.
3, 47, 67
What are the prime factors of 12895?
5, 2579
What are the prime factors of 2568?
2, 3, 107
What are the prime factors of 533?
13, 41
List the prime factors of 6189.
3, 2063
What are the prime factors of 10398?
2, 3, 1733
List the prime factors of 11775.
3, 5, 157
What are the prime factors of 57167?
11, 5197
What are the prime factors of 404?
2, 101
What are the prime factors of 5319?
3, 197
What are the prime factors of 2911?
41, 71
List the prime factors of 15144.
2, 3, 631
What are the prime factors of 224?
2, 7
What are the prime factors of 170?
2, 5, 17
List the prime factors of 40683.
3, 71, 191
List the prime factors of 549.
3, 61
What are the prime factors of 60191?
23, 2617
List the prime factors of 28017.
3, 11, 283
What 